2
Calculate the highest common factor of 12730 and 171.
19
Calculate the greatest common factor of 63 and 777.
21
Calculate the greatest common divisor of 390 and 1490.
10
What is the greatest common divisor of 48 and 1040?
16
Calculate the greatest common divisor of 6205 and 51.
17
Calculate the greatest common divisor of 5 and 1445.
5
What is the greatest common factor of 284 and 17182?
142
Calculate the highest common divisor of 16720 and 20.
20
Calculate the highest common factor of 27251 and 238.
119
Calculate the highest common divisor of 688 and 43.
43
Calculate the highest common divisor of 77 and 161.
7
What is the greatest common divisor of 30 and 42?
6
Calculate the highest common factor of 168 and 264.
24
What is the greatest common divisor of 130 and 5122?
26
What is the highest common divisor of 837 and 27?
27
Calculate the highest common divisor of 6525 and 9.
9
What is the highest common divisor of 117 and 312?
39
What is the greatest common factor of 21 and 56?
7
What is the greatest common divisor of 19 and 2299?
19
Calculate the highest common divisor of 153 and 969.
51
What is the greatest common divisor of 100 and 11075?
25
What is the highest common divisor of 1696 and 901?
53
Calculate the highest common factor of 678 and 1017.
339
What is the highest common divisor of 387 and 3999?
129
Calculate the highest common divisor of 35011 and 157.
157
What is the highest common factor of 346 and 6?
2
Calculate the highest common divisor of 754 and 247.
13
Calculate the greatest common divisor of 3682 and 14.
14
What is the greatest common divisor of 80 and 208?
16
Calculate the highest common factor of 3132 and 108.
108
Calculate the greatest common factor of 308 and 385.
77
What is the greatest common divisor of 24 and 2552?
8
What is the greatest common divisor of 88 and 4?
4
Calculate the greatest common factor of 9 and 9.
9
Calculate the greatest common divisor of 56 and 13048.
56
What is the highest common factor of 77 and 8701?
77
What is the highest common factor of 81 and 216?
27
Calculate the greatest common divisor of 70 and 35.
35
Calculate the greatest common factor of 102 and 24.
6
What is the highest common divisor of 154 and 1463?
77
Calculate the greatest common factor of 34 and 850.
34
Calculate the highest common factor of 16 and 2056.
8
Calculate the highest common factor of 1265 and 506.
253
What is the greatest common divisor of 252 and 28?
28
What is the greatest common divisor of 565 and 339?
113
Calculate the highest common factor of 351 and 936.
117
Calculate the greatest common factor of 24 and 20656.
8
What is the highest common factor of 1773 and 197?
197
Calculate the highest common factor of 4029 and 3081.
237
Calculate the greatest common divisor of 25 and 1225.
25
What is the highest common factor of 80 and 1?
1
Calculate the greatest common divisor of 126 and 2422.
14
What is the highest common factor of 63 and 99?
9
What is the greatest common divisor of 42 and 21?
21
Calculate the greatest common factor of 273 and 3770.
13
What is the highest common factor of 48 and 23376?
48
What is the greatest common divisor of 26 and 38?
2
Calculate the highest common factor of 6867 and 63.
63
What is the greatest common divisor of 1002 and 204?
6
What is the greatest common factor of 1400 and 56?
56
What is the greatest common factor of 68 and 124?
4
What is the greatest common divisor of 198 and 22?
22
What is the highest common factor of 6 and 12?
6
What is the highest common divisor of 84 and 112?
28
Calculate the highest common divisor of 576 and 18.
18
Calculate the highest common factor of 1837 and 11.
11
Calculate the greatest common divisor of 2 and 2194.
2
What is the highest common factor of 69 and 25875?
69
What is the highest common divisor of 87 and 29?
29
What is the highest common factor of 34425 and 9?
9
What is the highest common factor of 2163 and 5871?
309
Calculate the greatest common factor of 32 and 2.
2
What is the highest common factor of 64 and 704?
64
What is the greatest common factor of 3116 and 76?
76
Calculate the highest common divisor of 4 and 90.
2
What is the greatest common factor of 96 and 1008?
48
What is the highest common divisor of 11 and 121?
11
What is the highest common factor of 2130 and 30?
30
Calculate the greatest common divisor of 7 and 3073.
7
What is the highest common divisor of 1988 and 56?
28
What is the highest common divisor of 385 and 70?
35
What is the highest common divisor of 784 and 64?
16
What is the highest common divisor of 488 and 8?
8
Calculate the highest common factor of 73 and 292.
73
What is the greatest common factor of 420 and 485?
5
What is the highest common factor of 2284 and 92?
4
What is the highest common divisor of 158 and 5767?
79
Calculate the greatest common factor of 108 and 4.
4
Calculate the highest common factor of 7 and 427.
7
What is the highest common factor of 6 and 474?
6
What is the greatest common factor of 1118 and 1548?
86
What is the highest common factor of 348 and 6?
6
What is the highest common factor of 176 and 80?
16
Calculate the greatest common factor of 738 and 117.
9
Calculate the greatest common factor of 390 and 78.
78
Calculate the highest common divisor of 711 and 9.
9
What is the highest common factor of 816 and 1072?
16
Calculate the highest common factor of 6052 and 68.
68
What is the greatest common divisor of 132 and 462?
66
Calculate the highest common divisor of 104 and 234.
26
What is the greatest common factor of 33 and 66?
33
What is the greatest common divisor of 11819 and 477?
53
Calculate the greatest common factor of 336 and 357.
21
Calculate the greatest common divisor of 2825 and 25.
25
Calculate the highest common divisor of 122 and 47214.
122
What is the highest common divisor of 84 and 294?
42
What is the highest common divisor of 116 and 5858?
58
Calculate the greatest common divisor of 14562 and 18.
18
Calculate the highest common factor of 4277 and 21.
7
What is the highest common factor of 628 and 2669?
157
Calculate the highest common divisor of 240 and 27000.
120
Calculate the greatest common factor of 102 and 459.
51
Calculate the greatest common divisor of 1000 and 80.
40
Calculate the highest common divisor of 138 and 1334.
46
What is the highest common factor of 245 and 5292?
49
Calculate the greatest common divisor of 392 and 1666.
98
What is the greatest common divisor of 12 and 1059?
3
What is the greatest common divisor of 556 and 4?
4
Calculate the highest common divisor of 16 and 66.
2
Calculate the greatest common divisor of 1280 and 400.
80
What is the greatest common divisor of 43 and 215?
43
Calculate the greatest common factor of 1727 and 11.
11
What is the highest common divisor of 348 and 2652?
12
Calculate the highest common divisor of 21632 and 169.
169
Calculate the highest common factor of 25 and 67400.
25
What is the highest common factor of 65 and 25?
5
What is the greatest common factor of 5025 and 225?
75
What is the highest common factor of 12 and 11?
1
Calculate the greatest common factor of 143 and 44.
11
Calculate the highest common divisor of 1280 and 10.
10
What is the greatest common divisor of 6 and 182?
2
Calculate the greatest common factor of 194 and 2.
2
Calculate the highest common factor of 832 and 64.
64
Calculate the highest common factor of 252 and 72.
36
Calculate the highest common factor of 2886 and 296.
74
Calculate the highest common divisor of 2 and 74.
2
What is the highest common divisor of 62 and 930?
62
Calculate the highest common divisor of 90 and 1062.
18
What is the highest common divisor of 871 and 39?
13
Calculate the greatest common divisor of 539 and 11.
11
What is the highest common factor of 612 and 25296?
204
Calculate the highest common factor of 103 and 103.
103
Calculate the highest common divisor of 445 and 5.
5
Calculate the greatest common divisor of 35 and 8785.
35
Calculate the greatest common divisor of 243 and 675.
27
Calculate the greatest common factor of 32 and 736.
32
What is the greatest common divisor of 1403 and 23?
23
Calculate the highest common factor of 106 and 318.
106
Calculate the highest common divisor of 70 and 875.
35
Calculate the greatest common factor of 49 and 77.
7
Calculate t